onvert 552a (base 12) to base 3.
110212221
112002 (base 4) to base 12
996
Convert -11332 (base 4) to base 10.
-382
Convert -13907 (base 11) to base 16.
-4d12
Convert 201a (base 12) to base 13.
1777
Convert -54c (base 15) to base 14.
-617
-17d5 (base 16) to base 15
-1c1b
-1899 (base 15) to base 7
-21336
What is -153 (base 15) in base 7?
-612
What is 410420 (base 6) in base 12?
16a10
11012 (base 5) to base 9
1031
What is 1102120102 (base 3) in base 13?
ca4c
What is 2422 (base 7) in base 2?
1110000010
What is 22223221 (base 4) in base 2?
1010101011101001
Convert -124203 (base 5) to base 3.
-20202112
Convert -3a39 (base 11) to base 8.
-12175
Convert 1aa (base 16) to base 2.
110101010
Convert 1163 (base 8) to base 3.
212020
-44 (base 16) to base 4
-1010
What is 682 (base 11) in base 5?
11231
What is 201000 (base 3) in base 7?
1332
Convert 337 (base 13) to base 8.
1051
Convert -130b0 (base 12) to base 11.
-18634
-16122 (base 14) to base 7
-316442
-4140 (base 6) to base 11
-770
Convert -10101110111111 (base 2) to base 3.
-120100210
What is -2540 (base 12) in base 6?
-31320
74 (base 8) to base 3
2020
Convert 13343 (base 5) to base 6.
5030
What is 1010000111 (base 2) in base 10?
647
What is 2003100 (base 4) in base 7?
33330
What is 490 (base 10) in base 12?
34a
What is 8860 (base 13) in base 16?
4a3e
What is 84 (base 15) in base 14?
8c
What is -6078 (base 9) in base 7?
-15650
101101111 (base 3) to base 9
11344
Convert -11101110111 (base 2) to base 16.
-777
Convert 141063 (base 7) to base 4.
12202233
What is -10330 (base 5) in base 16?
-2cb
-10200202000 (base 3) to base 16
-11c07
What is 14144 (base 6) in base 14?
b4c
What is -2447 (base 15) in base 16?
-1e25
What is -12440 (base 5) in base 8?
-1743
Convert -1161 (base 9) to base 3.
-1012001
Convert -4110 (base 6) to base 7.
-2433
What is 17204 (base 8) in base 6?
100100
What is 18252 (base 9) in base 7?
51512
What is -22646 (base 7) in base 9?
-7872
What is -100010101110101 (base 2) in base 7?
-102561
What is 25374 (base 9) in base 7?
100534
What is 131310 (base 4) in base 6?
12500
What is -7c86 (base 16) in base 2?
-111110010000110
What is 3311 (base 5) in base 13?
291
What is 201211101 (base 3) in base 5?
430310
-256 (base 13) to base 10
-409
1537 (base 9) to base 10
1168
75 (base 15) to base 10
110
Convert -10132 (base 4) to base 6.
-1154
Convert 3143 (base 8) to base 16.
663
6043 (base 8) to base 7
12026
7964 (base 10) to base 4
1330130
Convert -111011110000110 (base 2) to base 10.
-30598
-12211010 (base 3) to base 4
-1002102
What is -1869 (base 10) in base 13?
-b0a
Convert 318 (base 13) to base 2.
1000010000
Convert 110000000111 (base 2) to base 8.
6007
What is 21145 (base 6) in base 14?
1093
-2368 (base 16) to base 8
-21550
What is -6b39 (base 13) in base 15?
-470e
What is 4441 (base 10) in base 9?
6074
-12a36 (base 13) to base 12
-180aa
30828 (base 10) to base 6
354420
1144 (base 5) to base 16
ae
Convert d1 (base 15) to base 9.
237
What is -317b (base 13) in base 8?
-15316
Convert -498c (base 15) to base 12.
-9089
What is -685 (base 10) in base 3?
-221101
Convert 203212 (base 4) to base 3.
10010101
Convert -100100010010001 (base 2) to base 14.
-6aad
What is 211 (base 16) in base 13?
319
c09c (base 15) to base 16
9ec7
What is -284 (base 10) in base 16?
-11c
Convert -10020 (base 5) to base 16.
-27b
114312 (base 5) to base 8
10354
Convert -54221 (base 7) to base 12.
-7982
Convert -64c (base 14) to base 11.
-a31
Convert -566 (base 13) to base 5.
-12204
-9bad (base 14) to base 2
-110100101111101
Convert -4884 (base 12) to base 15.
-2644
Convert -437 (base 10) to base 4.
-12311
What is -2172 (base 12) in base 3?
-12001112
-233 (base 5) to base 14
-4c
Convert -110100011 (base 2) to base 8.
-643
Convert 13117 (base 12) to base 8.
62743
What is -2100022011 (base 3) in base 16?
-b443
Convert 3804 (base 9) to base 5.
42324
389c (base 16) to base 6
151032
Convert -3216 (base 7) to base 10.
-1140
44414 (base 7) to base 3
120100012
35005 (base 8) to base 16
3a05
-1022 (base 9) to base 5
-10444
-124221 (base 5) to base 15
-16e1
Convert -530c (base 14) to base 2.
-11011111110000
What is -9feb (base 16) in base 8?
-117753
-30213 (base 4) to base 15
-38c
What is 202222111 (base 3) in base 11?
10545
What is 1110221 (base 3) in base 11?
8a0
737 (base 8) to base 6
2115
What is -1253 (base 8) in base 13?
-407
10011001000010 (base 2) to base 7
40361
What is 54455 (base 6) in base 11?
571a
What is 705 (base 12) in base 2?
1111110101
What is -110222111 (base 3) in base 13?
-43cc
140e (base 15) to base 13
1c4c
100111101 (base 2) to base 13
1b5
What is 145 (base 13) in base 9?
271
bb7 (base 14) to base 15
a47
What is -3661 (base 8) in base 14?
-a09
What is -356d (base 14) in base 16?
-245d
What is 414112 (base 5) in base 7?
54550
What is 14d1 (base 15) in base 6?
32411
-1226 (base 10) to base 2
-10011001010
What is 113021 (base 4) in base 7?
4214
What is -22330303 (base 4) in base 13?
-17551
Convert -1628 (base 9) to base 3.
-1200222
19066 (base 11) to base 15
7d97
197 (base 13) to base 6
1205
What is 2138 (base 9) in base 15?
6ee
What is 1bc27 (base 14) in base 10?
70987
What is -1155 (base 7) in base 14?
-22c
-11a8b (base 14) to base 11
-2a542
Convert -101200 (base 4) to base 2.
-10001100000
-140b (base 15) to base 9
-5782
220 (base 4) to base 14
2c
Convert -10101000010111 (base 2) to base 13.
-4b9b
9b4 (base 12) to base 2
10110011000
Convert 105024 (base 6) to base 7.
34603
What is -524 (base 13) in base 2?
-1101101011
What is 1031104 (base 5) in base 15?
536e
What is -38c (base 16) in base 6?
-4112
What is -a51 (base 12) in base 5?
-22001
Convert 356 (base 11) to base 9.
521
-1000011001111 (base 2) to base 14
-17d5
Convert -63 (base 10) to base 3.
-2100
10321 (base 5) to base 7
2034
Convert -20424 (base 6) to base 8.
-5300
What is 25330 (base 7) in base 16?
1a1d
-2110201 (base 3) to base 13
-a87
What is -270 (base 15) in base 16?
-22b
What is -10f (base 16) in base 13?
-17b
Convert 1823 (base 9) to base 10.
1398
-142224 (base 5) to base 2
-1011100110011
What is -1151 (base 11) in base 15?
-6a8
What is -661 (base 12) in base 9?
-1251
Convert 303 (base 12) to base 10.
435
Convert 63a (base 13) to base 8.
2047
Convert -27713 (base 10) to base 4.
-12301001
ae5d (base 15) to base 5
2140423
10032320 (base 4) to base 10
17336
What is -32304 (base 6) in base 16?
-1150
What is -151 (base 15) in base 12?
-211
Convert -6c1 (base 13) to base 6.
-5231
Convert -1825 (base 10) to base 3.
-2111121
What is -34 (base 5) in base 3?
-201
22a (base 11) to base 9
334
What is 61364 (base 7) in base 5?
434232
Convert -647 (base 14) to base 7.
-3420
Convert -6525 (base 8) to base 16.
-d55
Convert 145134 (base 6) to base 14.
51d0
What is 44314 (base 9) in base 2?
111001011101000
What is 1010000101111 (base 2) in base 8?
12057
Convert 30021212 (base 4) to base 8.
141146
Convert 2120143 (base 5) to base 4.
20231121
What is -53678 (base 11) in base 4?
-103002321
56531 (base 10) to base 16
dcd3
Convert -2446 (base 13) to base 14.
-1c24
What is 22412 (base 5) in base 11?
1231
1021002 (base 3) to base 6
4132
Convert 15d0 (base 14) to base 9.
5320
-5385 (base 10) to base 13
-25b3
-1001000100100101 (base 2) to base 13
-13bb3
-380 (base 9) to base 15
-160
40024 (base 7) to base 6
112314
What is -10110111101 (base 2) in base 6?
-10445
What is -11b3 (base 12) in base 8?
-3727
323420 (base 5) to base 10
11110
1825 (base 10) to base 16
721
What is -323 (base 6) in base 10?
-123
182 (base 12) to base 8
362
6b0a (base 13) to base 2
11101011001011
Convert -6343 (base 11) to base 9.
-12458
-33143 (base 8) to base 15
-41d3
125542 (base 6) to base 16
2d86
What is -322 (base 5) in base 10?
-87
Convert -335 (base 6) to base 15.
-8b
11961 (base 10) to base 3
121102000
What is -4994 (base 10) in base 9?
-6758
What is -21825 (base 9) in base 10?
-14522
-382 (base 9) to base 11
-269
Convert -1331212 (base 5) to base 6.
-325133
-db3b (base 14) to base 7
-215304
-a97 (base 15) to base 16
-958
What is -2761 (base 8) in base 10?
-1521
Convert 122654 (base 7) to base 3.
1011001002
What is -10613 (base 7) in base 3?
-10201012
What is -4fcc (base 16) in base 15?
-60bd
Convert 4304 (base 5) to base 12.
403
What is 11110000100 (base 2) in base 8?
3604
What is -b75d (base 